{"id":2,"date":"2014-11-17T19:08:27","date_gmt":"2014-11-17T17:08:27","guid":{"rendered":"https:\/\/sarah-pietschmann.de\/?page_id=2"},"modified":"2023-05-17T00:04:25","modified_gmt":"2023-05-16T22:04:25","slug":"beispiel-seite","status":"publish","type":"page","link":"https:\/\/sarah-pietschmann.de\/?page_id=2","title":{"rendered":"\u00dcber mich"},"content":{"rendered":"\n<p><\/p>\n\n\n\n<div class=\"wp-block-media-text alignwide is-stacked-on-mobile\" style=\"grid-template-columns:39% auto\"><figure class=\"wp-block-media-text__media\"><img decoding=\"async\" loading=\"lazy\" width=\"700\" height=\"700\" src=\"https:\/\/sarah-pietschmann.de\/wp-content\/uploads\/2021\/03\/14681574_1274418529289071_6990367271942323273_n-700x700.jpg\" alt=\"\" class=\"wp-image-1076 size-full\"\/><\/figure><div class=\"wp-block-media-text__content\">\n<p>Herzlich Willkommen auf meiner Website! Sch\u00f6n, dass ihr euch hierher verirrt habt!<\/p>\n\n\n\n<p>Mein Name ist Sarah Pietschmann und zu Beginn meines Journalismus-Studiums habe ich diese Website er\u00f6ffnet, um meine Artikel, Beitr\u00e4ge, Fotocollagen und Videos zu ver\u00f6ffentlichen und meine Fortschritte zu teilen. In der Zwischenzeit ist viel passiert, doch wie bin ich \u00fcberhaupt dazu gekommen, Journalistin zu werden?<\/p>\n\n\n\n<p>Um ehrlich zu sein, habe ich eine ganze Weile gebraucht, um herauszufinden, was ich irgendwann mal beruflich machen m\u00f6chte. Ich wusste, dass ich die deutsche Sprache und das Schreiben liebe und geredet habe ich sowieso am laufenden Band. Also kam ich irgendwann auf die Idee, mich \u00fcber Journalismus zu informieren.<\/p>\n<\/div><\/div>\n\n\n\n<h4 class=\"wp-block-heading\"><span style=\"text-decoration: underline;\">Meine Schulzeit:<\/span><\/h4>\n\n\n\n<p>Mein Sch\u00fclerpraktikum habe ich bei Helliwood Media &amp; Education gemacht. Also war es naheliegend, dass ich irgendwann in der Medienbranche lande. So war der Grundstein f\u00fcr meine Zukunft gelegt. Im gleichen Jahr fand in meinem Deutschkurs eine Projektwoche beim Sender Alex TV statt. Wir durften gemeinsam eine eigene Sendung produzieren und fahren. An meinem Gymnasium habe ich noch dazu mehrere Talenteabende moderiert, was mich langsam aber sicher in Richtung Radio brachte.<\/p>\n\n\n\n<h4 class=\"wp-block-heading\"><span style=\"text-decoration: underline;\">Studium und Ausbildung:<\/span><\/h4>\n\n\n\n<p>Nachdem ich mein Abitur in der Tasche hatte, habe ich 3 Jahre an der DEKRA Hochschule f\u00fcr Medien <em>Journalismus<\/em> mit Spezialisierung auf <em>TV-Journalismus und Moderation <\/em>studiert. Mein Pflichtpraktikum habe ich bei Radio ENERGY Berlin absolviert und sogar bei der ENERGY Music Tour mitgearbeitet.<\/p>\n\n\n\n<p>Nach meinem Studium habe ich eine Gasth\u00f6rerschaft an der Sigmund Freud PrivatUniversit\u00e4t wahrgenommen. Anschlie\u00dfend wollte ich meinen Master machen. Der Studiengang kam leider nicht zustande. W\u00e4hrend der Wartezeit habe ich ein halbj\u00e4hriges Redaktionspraktikum beim Webradiosender top100station gemacht und anschlie\u00dfend als Volont\u00e4rin bei dem Onlinemagazin Promiflash gearbeitet.<\/p>\n\n\n\n<p>Im Oktober 2018 habe ich dann ein Volontariat bei der Imago TV Film- und Fernsehproduktion begonnen und dies zwei Jahre sp\u00e4ter erfolgreich beendet. Zus\u00e4tzlich hatte ich \u00fcber meinen Arbeitgeber die M\u00f6glichkeit, ein AV!Volo bei der Produzentenallianz (PA-IQ) zu absolvieren.<\/p>\n\n\n\n<h4 class=\"wp-block-heading\"><span style=\"text-decoration: underline;\">Mein beruflicher Werdegang:<\/span><\/h4>\n\n\n\n<p>Als Jungredakteurin habe ich weiterhin bei der Imago TV Film- und Fernsehproduktion gearbeitet und bin dort f\u00fcr zahlreiche Formate (unter anderem Entwicklungsformate und Pilotprojekte), als Unterst\u00fctzung im Development, f\u00fcr die Betreuung der firmeninternen Datenbank und des Newsletters und als Teilbetreuung der Website zust\u00e4ndig gewesen. Sp\u00e4ter lag meine Hauptaufgabe dann in der Social Media-Planung und -Umsetzung, sowohl f\u00fcr das Unternehmen selbst als auch f\u00fcr formatbedingt mit uns kooperierende Sender. Am 1. Januar 2023 ist die Imago TV Film- und Fernsehproduktion GmbH vollst\u00e4ndig in ITV Studios Germany aufgegangen.<\/p>\n\n\n\n<h4 class=\"wp-block-heading\"><span style=\"text-decoration: underline;\">Unser Podcast:<\/span><\/h4>\n\n\n\n<p>Seit M\u00e4rz 2021 hoste ich mit meiner ehemaligen Kommilitonin Cindy Marczuk den Podcast &#8222;Wer kennt&#8217;s nicht?&#8220;<\/p>\n\n\n\n<p>Schon w\u00e4hrend unseres Journalismus-Studiums haben wir immer (mehr im Scherz) davon gesprochen, irgendwann unseren eigenen Radiosender zu gr\u00fcnden. Dass das nicht so leicht umsetzbar ist, mussten wir relativ schnell einsehen. Nun sind wir von einer spontanen Schnapsidee aber doch ganz fix zum bitteren Ernst gekommen.<\/p>\n\n\n\n<p>Jeden Sonntag sprechen wir \u00fcber die \u00fcblichen H\u00fcrden des Alltags, die eigentlich jeder kennt und widmen uns ganz besonders den Themen, \u00fcber die man eigentlich nicht spricht. Keine Tabus, daf\u00fcr eine ordentliche Portion Reallife! Der Podcast ist auf Google Podcasts, Deezer, TuneIn, Amazon Music, Spotify, Apple Podcasts und YouTube verf\u00fcgbar.<\/p>\n","protected":false},"excerpt":{"rendered":"<p>Herzlich Willkommen auf meiner Website! Sch\u00f6n, dass ihr euch hierher verirrt habt! Mein Name ist Sarah Pietschmann und zu Beginn meines Journalismus-Studiums habe ich diese Website er\u00f6ffnet, um meine Artikel, Beitr\u00e4ge, Fotocollagen und Videos zu ver\u00f6ffentlichen und meine Fortschritte zu teilen. In der Zwischenzeit ist viel passiert, doch wie bin ich \u00fcberhaupt dazu gekommen, Journalistin [&hellip;]<\/p>\n","protected":false},"author":1,"featured_media":0,"parent":0,"menu_order":1,"comment_status":"closed","ping_status":"closed","template":"","meta":[],"_links":{"self":[{"href":"https:\/\/sarah-pietschmann.de\/index.php?rest_route=\/wp\/v2\/pages\/2"}],"collection":[{"href":"https:\/\/sarah-pietschmann.de\/index.php?rest_route=\/wp\/v2\/pages"}],"about":[{"href":"https:\/\/sarah-pietschmann.de\/index.php?rest_route=\/wp\/v2\/types\/page"}],"author":[{"embeddable":true,"href":"https:\/\/sarah-pietschmann.de\/index.php?rest_route=\/wp\/v2\/users\/1"}],"replies":[{"embeddable":true,"href":"https:\/\/sarah-pietschmann.de\/index.php?rest_route=%2Fwp%2Fv2%2Fcomments&post=2"}],"version-history":[{"count":32,"href":"https:\/\/sarah-pietschmann.de\/index.php?rest_route=\/wp\/v2\/pages\/2\/revisions"}],"predecessor-version":[{"id":2307,"href":"https:\/\/sarah-pietschmann.de\/index.php?rest_route=\/wp\/v2\/pages\/2\/revisions\/2307"}],"wp:attachment":[{"href":"https:\/\/sarah-pietschmann.de\/index.php?rest_route=%2Fwp%2Fv2%2Fmedia&parent=2"}],"curies":[{"name":"wp","href":"https:\/\/api.w.org\/{rel}","templated":true}]}}

Über mich

<p></p>



<div class="wp-block-media-text alignwide is-stacked-on-mobile" style="grid-template-columns:39% auto"><figure class="wp-block-media-text__media"><img decoding="async" loading="lazy" width="700" height="700" src="https://sarah-pietschmann.de/wp-content/uploads/2021/03/14681574_1274418529289071_6990367271942323273_n-700x700.jpg" alt="" class="wp-image-1076 size-full"/></figure><div class="wp-block-media-text__content">
<p>Herzlich Willkommen auf meiner Website! Schön, dass ihr euch hierher verirrt habt!</p>



<p>Mein Name ist Sarah Pietschmann und zu Beginn meines Journalismus-Studiums habe ich diese Website eröffnet, um meine Artikel, Beiträge, Fotocollagen und Videos zu veröffentlichen und meine Fortschritte zu teilen. In der Zwischenzeit ist viel passiert, doch wie bin ich überhaupt dazu gekommen, Journalistin zu werden?</p>



<p>Um ehrlich zu sein, habe ich eine ganze Weile gebraucht, um herauszufinden, was ich irgendwann mal beruflich machen möchte. Ich wusste, dass ich die deutsche Sprache und das Schreiben liebe und geredet habe ich sowieso am laufenden Band. Also kam ich irgendwann auf die Idee, mich über Journalismus zu informieren.</p>
</div></div>



<h4 class="wp-block-heading"><span style="text-decoration: underline;">Meine Schulzeit:</span></h4>



<p>Mein Schülerpraktikum habe ich bei Helliwood Media &amp; Education gemacht. Also war es naheliegend, dass ich irgendwann in der Medienbranche lande. So war der Grundstein für meine Zukunft gelegt. Im gleichen Jahr fand in meinem Deutschkurs eine Projektwoche beim Sender Alex TV statt. Wir durften gemeinsam eine eigene Sendung produzieren und fahren. An meinem Gymnasium habe ich noch dazu mehrere Talenteabende moderiert, was mich langsam aber sicher in Richtung Radio brachte.</p>



<h4 class="wp-block-heading"><span style="text-decoration: underline;">Studium und Ausbildung:</span></h4>



<p>Nachdem ich mein Abitur in der Tasche hatte, habe ich 3 Jahre an der DEKRA Hochschule für Medien <em>Journalismus</em> mit Spezialisierung auf <em>TV-Journalismus und Moderation </em>studiert. Mein Pflichtpraktikum habe ich bei Radio ENERGY Berlin absolviert und sogar bei der ENERGY Music Tour mitgearbeitet.</p>



<p>Nach meinem Studium habe ich eine Gasthörerschaft an der Sigmund Freud PrivatUniversität wahrgenommen. Anschließend wollte ich meinen Master machen. Der Studiengang kam leider nicht zustande. Während der Wartezeit habe ich ein halbjähriges Redaktionspraktikum beim Webradiosender top100station gemacht und anschließend als Volontärin bei dem Onlinemagazin Promiflash gearbeitet.</p>



<p>Im Oktober 2018 habe ich dann ein Volontariat bei der Imago TV Film- und Fernsehproduktion begonnen und dies zwei Jahre später erfolgreich beendet. Zusätzlich hatte ich über meinen Arbeitgeber die Möglichkeit, ein AV!Volo bei der Produzentenallianz (PA-IQ) zu absolvieren.</p>



<h4 class="wp-block-heading"><span style="text-decoration: underline;">Mein beruflicher Werdegang:</span></h4>



<p>Als Jungredakteurin habe ich weiterhin bei der Imago TV Film- und Fernsehproduktion gearbeitet und bin dort für zahlreiche Formate (unter anderem Entwicklungsformate und Pilotprojekte), als Unterstützung im Development, für die Betreuung der firmeninternen Datenbank und des Newsletters und als Teilbetreuung der Website zuständig gewesen. Später lag meine Hauptaufgabe dann in der Social Media-Planung und -Umsetzung, sowohl für das Unternehmen selbst als auch für formatbedingt mit uns kooperierende Sender. Am 1. Januar 2023 ist die Imago TV Film- und Fernsehproduktion GmbH vollständig in ITV Studios Germany aufgegangen.</p>



<h4 class="wp-block-heading"><span style="text-decoration: underline;">Unser Podcast:</span></h4>



<p>Seit März 2021 hoste ich mit meiner ehemaligen Kommilitonin Cindy Marczuk den Podcast &#8222;Wer kennt&#8217;s nicht?&#8220;</p>



<p>Schon während unseres Journalismus-Studiums haben wir immer (mehr im Scherz) davon gesprochen, irgendwann unseren eigenen Radiosender zu gründen. Dass das nicht so leicht umsetzbar ist, mussten wir relativ schnell einsehen. Nun sind wir von einer spontanen Schnapsidee aber doch ganz fix zum bitteren Ernst gekommen.</p>



<p>Jeden Sonntag sprechen wir über die üblichen Hürden des Alltags, die eigentlich jeder kennt und widmen uns ganz besonders den Themen, über die man eigentlich nicht spricht. Keine Tabus, dafür eine ordentliche Portion Reallife! Der Podcast ist auf Google Podcasts, Deezer, TuneIn, Amazon Music, Spotify, Apple Podcasts und YouTube verfügbar.</p>

<p>Herzlich Willkommen auf meiner Website! Schön, dass ihr euch hierher verirrt habt! Mein Name ist Sarah Pietschmann und zu Beginn meines Journalismus-Studiums habe ich diese Website eröffnet, um meine Artikel, Beiträge, Fotocollagen und Videos zu veröffentlichen und meine Fortschritte zu teilen. In der Zwischenzeit ist viel passiert, doch wie bin ich überhaupt dazu gekommen, Journalistin [&hellip;]</p>
